{"id":3606,"date":"2018-06-22T06:45:11","date_gmt":"2018-06-22T06:45:11","guid":{"rendered":"https:\/\/www.spencker.de\/wp\/?page_id=3606"},"modified":"2026-04-28T06:12:44","modified_gmt":"2026-04-28T06:12:44","slug":"projekte","status":"publish","type":"page","link":"https:\/\/www.spencker.de\/wp\/?page_id=3606","title":{"rendered":"Projekte"},"content":{"rendered":"<p><a href=\"https:\/\/www.spencker.de\/wp\/wp-content\/uploads\/2019\/01\/spencker-trio-72dpi-e1548346619484.jpg\"><img decoding=\"async\" loading=\"lazy\" class=\"alignleft wp-image-3729 size-thumbnail\" src=\"https:\/\/www.spencker.de\/wp\/wp-content\/uploads\/2019\/01\/spencker-trio-72dpi-150x150.jpg\" alt=\"\" width=\"150\" height=\"150\"><\/a><\/p>\n<h3>Klaus Spencker Trio<\/h3>\n<p><em>\u201cDenn Spenckers musikalischer Ansatz ist nicht r\u00fcckw\u00e4rtsgewandt \u2013 auch wenn er seinen Auftritt als \u201cQuintessenz seines Schaffens\u201d ank\u00fcndigt. Sein Stil mit fl\u00fcssigen Phrasen, logischen Pausen und aufregenden Glissandi ist von hohem Wiedererkennungswert. Seine Kompositionen breiten sich stilistisch zwischen verwinkelten Reharmonisierungen, lyrischem Feinsinn und rockigen Drangphasen aus. Manchmal experimentiert Spencker mit elektronisch verfremdeten Gitarrensounds. Damit macht er Avantgarde Fans froh, aber Fans von Pat Metheny, Bill Frisell oder John Scofield im Verlauf des Abends mit l\u00e4ssiger Melodik ebenso. Eine Musik voller spannender Details, die sich nie in ebendiesen verliert.\u201d&nbsp;Zitat Hannoversche Allgemeine<\/em><\/p>\n<p><a href=\"https:\/\/www.spencker.de\/wp\/?page_id=3604&amp;preview=true\" target=\"_blank\" rel=\"noopener noreferrer\">Weitere Informtionen<\/a><\/p>\n<hr>\n<p><!--\n<img decoding=\"async\" loading=\"lazy\" class=\"alignleft size-thumbnail wp-image-1579\" src=\"https:\/\/www.spencker.de\/wp\/wp-content\/uploads\/2012\/08\/Band_120712_juel_023-150x150.jpg\" alt=\"\" width=\"150\" height=\"150\">\n\n\n<h3>Van Tied to Tied<\/h3>\n\n\nHans \u2013 Hermann Briese &amp; Klaus Spencker\nPlattdeutsche Lyrik trifft auf zeitgen\u00f6ssischen Jazz\n\n<a href=\"https:\/\/www.van-tied-to-tied.de\" target=\"_blank\" rel=\"noopener noreferrer\">Weitere Informtionen<\/a>\n\n\n\n<hr>\n\n\n\n\n\n<h3><img decoding=\"async\" loading=\"lazy\" class=\"alignleft wp-image-2961 size-thumbnail\" src=\"https:\/\/www.spencker.de\/wp\/wp-content\/uploads\/2016\/02\/Kloepperfotodesign-10a-klein-150x150.jpg\" alt=\"\" width=\"150\" height=\"150\">Elements<\/h3>\n\n\n<em>Elements: reinigend wie ein Fr\u00fchlingsregen, leuchtend wie ein Sommertag, rau wie ein Herbststurm, klar wie ein Wintermorgen. Ein Premium-Klangerlebnis das h\u00f6chsten Anspr\u00fcchen gen\u00fcgt.<\/em>\n\nKlaus Spencker, <em>Gitarre<\/em>, Timo Warnecke, <em>Schlagzeug<\/em>, Peter Schwebs, <em>Kontrabass<\/em>, Felix Petry, <em>Saxofon<\/em>, Eike Wulfmeier, <em>Klavier <\/em>\n\n<a href=\"https:\/\/www.spencker.de\/wp\/?page_id=1451\" target=\"_blank\" rel=\"noopener noreferrer\">Weitere Informtionen<\/a>\n\n\n\n<hr>\n\n\n\n--><\/p>\n<h3><a href=\"https:\/\/www.spencker.de\/wp\/wp-content\/uploads\/2018\/06\/jazzaneo.jpg\"><img decoding=\"async\" loading=\"lazy\" class=\"alignleft size-thumbnail wp-image-3631\" src=\"https:\/\/www.spencker.de\/wp\/wp-content\/uploads\/2018\/06\/jazzaneo-150x150.jpg\" alt=\"\" width=\"150\" height=\"150\"><\/a>Jazzaneo<\/h3>\n<p>Lehnen Sie sich zur\u00fcck. Entspannen Sie sich beim angenehm warmen Saxophonklang, der \u00fcber dem feinen akustischen Gewebe von Gitarre und Kontrabass schwebt. Lassen Sie sich von der Stimme unserer&nbsp;Ausnahmevokalistin verzaubern.<\/p>\n<p><a href=\"https:\/\/www.spencker.de\/wp\/?page_id=3609&amp;preview=true\" target=\"_blank\" rel=\"noopener noreferrer\">Weitere Informtionen<\/a><\/p>\n<hr>\n","protected":false},"excerpt":{"rendered":"<p>Klaus Spencker Trio \u201cDenn Spenckers musikalischer Ansatz ist nicht r\u00fcckw\u00e4rtsgewandt \u2013 auch wenn er seinen Auftritt als \u201cQuintessenz seines Schaffens\u201d ank\u00fcndigt. Sein Stil mit fl\u00fcssigen Phrasen, logischen Pausen und aufregenden Glissandi ist von hohem Wiedererkennungswert. Seine Kompositionen breiten sich stilistisch zwischen verwinkelten Reharmonisierungen, lyrischem Feinsinn und rockigen Drangphasen aus. Manchmal experimentiert Spencker mit elektronisch verfremdeten &hellip; <a href=\"https:\/\/www.spencker.de\/wp\/?page_id=3606\" class=\"more-link\"><span class=\"screen-reader-text\">Projekte<\/span> weiterlesen <span class=\"meta-nav\">&rarr;<\/span><\/a><\/p>\n","protected":false},"author":1,"featured_media":0,"parent":0,"menu_order":4,"comment_status":"closed","ping_status":"closed","template":"","meta":[],"_links":{"self":[{"href":"https:\/\/www.spencker.de\/wp\/index.php?rest_route=\/wp\/v2\/pages\/3606"}],"collection":[{"href":"https:\/\/www.spencker.de\/wp\/index.php?rest_route=\/wp\/v2\/pages"}],"about":[{"href":"https:\/\/www.spencker.de\/wp\/index.php?rest_route=\/wp\/v2\/types\/page"}],"author":[{"embeddable":true,"href":"https:\/\/www.spencker.de\/wp\/index.php?rest_route=\/wp\/v2\/users\/1"}],"replies":[{"embeddable":true,"href":"https:\/\/www.spencker.de\/wp\/index.php?rest_route=%2Fwp%2Fv2%2Fcomments&post=3606"}],"version-history":[{"count":19,"href":"https:\/\/www.spencker.de\/wp\/index.php?rest_route=\/wp\/v2\/pages\/3606\/revisions"}],"predecessor-version":[{"id":201995,"href":"https:\/\/www.spencker.de\/wp\/index.php?rest_route=\/wp\/v2\/pages\/3606\/revisions\/201995"}],"wp:attachment":[{"href":"https:\/\/www.spencker.de\/wp\/index.php?rest_route=%2Fwp%2Fv2%2Fmedia&parent=3606"}],"curies":[{"name":"wp","href":"https:\/\/api.w.org\/{rel}","templated":true}]}}

<p><a href="https://www.spencker.de/wp/wp-content/uploads/2019/01/spencker-trio-72dpi-e1548346619484.jpg"><img decoding="async" loading="lazy" class="alignleft wp-image-3729 size-thumbnail" src="https://www.spencker.de/wp/wp-content/uploads/2019/01/spencker-trio-72dpi-150x150.jpg" alt="" width="150" height="150"></a></p>
<h3>Klaus Spencker Trio</h3>
<p><em>“Denn Spenckers musikalischer Ansatz ist nicht rückwärtsgewandt – auch wenn er seinen Auftritt als “Quintessenz seines Schaffens” ankündigt. Sein Stil mit flüssigen Phrasen, logischen Pausen und aufregenden Glissandi ist von hohem Wiedererkennungswert. Seine Kompositionen breiten sich stilistisch zwischen verwinkelten Reharmonisierungen, lyrischem Feinsinn und rockigen Drangphasen aus. Manchmal experimentiert Spencker mit elektronisch verfremdeten Gitarrensounds. Damit macht er Avantgarde Fans froh, aber Fans von Pat Metheny, Bill Frisell oder John Scofield im Verlauf des Abends mit lässiger Melodik ebenso. Eine Musik voller spannender Details, die sich nie in ebendiesen verliert.”&nbsp;Zitat Hannoversche Allgemeine</em></p>
<p><a href="https://www.spencker.de/wp/?page_id=3604&amp;preview=true" target="_blank" rel="noopener noreferrer">Weitere Informtionen</a></p>
<hr>
<p><!--
<img decoding="async" loading="lazy" class="alignleft size-thumbnail wp-image-1579" src="https://www.spencker.de/wp/wp-content/uploads/2012/08/Band_120712_juel_023-150x150.jpg" alt="" width="150" height="150">


<h3>Van Tied to Tied</h3>


Hans – Hermann Briese &amp; Klaus Spencker
Plattdeutsche Lyrik trifft auf zeitgenössischen Jazz

<a href="https://www.van-tied-to-tied.de" target="_blank" rel="noopener noreferrer">Weitere Informtionen</a>



<hr>





<h3><img decoding="async" loading="lazy" class="alignleft wp-image-2961 size-thumbnail" src="https://www.spencker.de/wp/wp-content/uploads/2016/02/Kloepperfotodesign-10a-klein-150x150.jpg" alt="" width="150" height="150">Elements</h3>


<em>Elements: reinigend wie ein Frühlingsregen, leuchtend wie ein Sommertag, rau wie ein Herbststurm, klar wie ein Wintermorgen. Ein Premium-Klangerlebnis das höchsten Ansprüchen genügt.</em>

Klaus Spencker, <em>Gitarre</em>, Timo Warnecke, <em>Schlagzeug</em>, Peter Schwebs, <em>Kontrabass</em>, Felix Petry, <em>Saxofon</em>, Eike Wulfmeier, <em>Klavier </em>

<a href="https://www.spencker.de/wp/?page_id=1451" target="_blank" rel="noopener noreferrer">Weitere Informtionen</a>



<hr>



--></p>
<h3><a href="https://www.spencker.de/wp/wp-content/uploads/2018/06/jazzaneo.jpg"><img decoding="async" loading="lazy" class="alignleft size-thumbnail wp-image-3631" src="https://www.spencker.de/wp/wp-content/uploads/2018/06/jazzaneo-150x150.jpg" alt="" width="150" height="150"></a>Jazzaneo</h3>
<p>Lehnen Sie sich zurück. Entspannen Sie sich beim angenehm warmen Saxophonklang, der über dem feinen akustischen Gewebe von Gitarre und Kontrabass schwebt. Lassen Sie sich von der Stimme unserer&nbsp;Ausnahmevokalistin verzaubern.</p>
<p><a href="https://www.spencker.de/wp/?page_id=3609&amp;preview=true" target="_blank" rel="noopener noreferrer">Weitere Informtionen</a></p>
<hr>

<p>Klaus Spencker Trio “Denn Spenckers musikalischer Ansatz ist nicht rückwärtsgewandt – auch wenn er seinen Auftritt als “Quintessenz seines Schaffens” ankündigt. Sein Stil mit flüssigen Phrasen, logischen Pausen und aufregenden Glissandi ist von hohem Wiedererkennungswert. Seine Kompositionen breiten sich stilistisch zwischen verwinkelten Reharmonisierungen, lyrischem Feinsinn und rockigen Drangphasen aus. Manchmal experimentiert Spencker mit elektronisch verfremdeten &hellip; <a href="https://www.spencker.de/wp/?page_id=3606" class="more-link"><span class="screen-reader-text">Projekte</span> weiterlesen <span class="meta-nav">&rarr;</span></a></p>
